- 45. Let h be s(3). Let t = -1899 + h. What is the hundreds digit of t?
4
Suppose 0 = -14*q + 42 + 28. Suppose q*p + 4 = 19. Suppose 3*g - 5*s = -2*s + 477, -p*g = -5*s - 481. What is the units digit of g?
7
Let i(t) = -t**3 + 23*t**2 + 46*t - 28. What is the hundreds digit of i(-12)?
4
Let n be (1*-1)/(41/205). What is the units digit of (-2)/n + (-21267)/(-45)?
3
Let z(i) = -26*i**2 + 5*i + 8. Let b(a) = 26*a**2 - 4*a - 7. Let c be (-30)/4*40/(-60). Let x(d) = c*z(d) + 6*b(d). What is the tens digit of x(1)?
2
Let p = 10513 + 4613. What is the thousands digit of p?
5
What is the units digit of 1 + (-39)/27 - 2859003/(-486)*2?
5
Let j(a) = a**3 + 6*a**2 + 10*a + 24. Let n be j(-6). What is the tens digit of 9/3*(-1608)/n?
3
Suppose 23*b - 16*b + 3269 = 0. Let x = 633 - b. What is the thousands digit of x?
1
Let x = 154 - 149. Suppose 6*u + x*r - 715 = 4*u, 5*u = 3*r + 1772. What is the tens digit of u?
5
Let m be 17 + -13 - (0/1 - -2). What is the units digit of m/5 + (-6426)/(-85)?
6
Let w(y) = y**2 + 6*y - 6. Let t be w(6). Let o(g) = 6*g**2 - 39*g + 14. Let x be o(9). Let a = x - t. What is the units digit of a?
3
Suppose 0 = 40*p - 34*p - 20820. Let d = p - 2263. What is the hundreds digit of d?
2
Let n = -18 - -38. Suppose 2*x + 0 = 2*s + n, -3*x - 4*s + 44 = 0. Suppose 0 = -j + 2*j - c - 41, 3*c - x = 0. What is the tens digit of j?
4
Suppose 0 = -536*b + 539*b - 16689. What is the units digit of b?
3
Let i(k) = -k**2 - 33*k - 45. Let t = 153 - 58. Let c = 78 - t. What is the tens digit of i(c)?
2
Suppose 9*d - 4*d - 230 = 0. Suppose 9*q + 19 = d. Suppose 0*j = -2*a + j + 218, q*j = -4*a + 426. What is the tens digit of a?
0
What is the tens digit of ((-168)/54 + 140/126)*-224?
4
Let g(r) = 9*r**2 - 15*r + 103. Let d = 75 - 68. What is the hundreds digit of g(d)?
4
Suppose 19 = -7*v - 58. What is the tens digit of 9 + 1 - (v - -9)?
1
Suppose -3*c = -5*c + 8, 3*a = 3*c + 87324. What is the thousands digit of a?
9
Let u = -12131 + 18152. Suppose -11*b + 2*b + u = 0. What is the tens digit of b?
6
Let o(i) = -323*i - 484. What is the thousands digit of o(-46)?
4
Suppose 38400 = 5*b + 5*j, 5*b - 87*j - 38396 = -91*j. What is the thousands digit of b?
7
Let s(l) = 31*l + 178. Let b be s(10). Suppose -2*h - 2*h = -3*r - 1973, r - b = -h. What is the units digit of h?
1
Let m(j) = -7*j**3 + 15*j**2 - 27*j - 109. What is the thousands digit of m(-20)?
2
Let b(q) = q**2 + 6*q - 1. Let j be b(8). Let d = j + -15. What is the units digit of d?
6
Let l be (-1 - (5 + -31)) + -4. Suppose 100 = 26*m - l*m. What is the units digit of 1/5 + -5 + 1436/m?
7
Let p = -27425 - -41643. What is the hundreds digit of p?
2
Suppose 61*c - 572121 = 1220608. What is the hundreds digit of c?
3
Let t(k) = -k**3 + 2*k**2 + 10*k - 6. Let b be t(4). Suppose -j + 6*o = b*o - 1432, 5*j = 5*o + 7085. What is the units digit of j?
2
Let m(a) = 162*a - 1143. Let u be m(7). Let c(p) be the third derivative of p**6/120 + p**5/5 + 5*p**4/12 - 4*p**3/3 - p**2. What is the units digit of c(u)?
5
Let b(j) = -18*j + 115. Let l be b(6). Suppose l*a - 2902 = 444. What is the units digit of a?
8
What is the tens digit of (18985/15)/((-82)/(-2460))?
7
Let d be (-68)/11 + (-8)/(-44). Let v = d + 367. Suppose 51 - v = -5*w. What is the units digit of w?
2
Let k = 1895 - 434. Suppose -32*x + k = -29*x. What is the tens digit of x?
8
Suppose -2*k + 3*z = 4*z - 764, 5*z = 20. What is the units digit of k?
0
Suppose -4*m - 2*b - 63 = -b, 5*b = -5*m - 60. Let q = -68 + -27. What is the hundreds digit of -1 + 0 + -2 - (q + m)?
1
Let a be 0/(-1 + 3 - (4 - 1)). Suppose a = -m + 292 - 24. Suppose -w = w - m. What is the units digit of w?
4
Let j be ((-2001)/(-23))/((-22)/(-24) + -1). Let o = j - -1747. What is the units digit of o?
3
Suppose -16 = 2*v - 36. Suppose v*z = 11*z. What is the tens digit of 3/(1/(z + -1)) + 17?
1
Let d = 15836 - 7009. What is the thousands digit of d?
8
Let z(f) = -191*f + 2818. What is the units digit of z(-22)?
0
Suppose 5*w = 8*w + 9, 4*f = -2*w - 6162. What is the tens digit of (f/228)/(6/(-824))?
2
Let t = -5600 + 8166. What is the thousands digit of t?
2
Suppose -114*f = -37*f - 610456. What is the thousands digit of f?
7
Let o = -194 + 1092. Let a = o - 488. What is the tens digit of a?
1
Suppose 104*l - 103*l = -j + 23761, -j = 2*l - 23766. What is the units digit of j?
6
What is the thousands digit of (-6 - -13880)/(6 + -4)?
6
Suppose 0 = -4*l + 48 - 8. What is the units digit of l + 653 - 13 - (-1 + 0)?
1
Let b be (-2)/(((-4)/(-48))/((-6)/9)). Suppose 4*q - b*q + 21936 = 0. What is the units digit of q?
8
Let r = 10696 + 3350. What is the thousands digit of r?
4
Let d(v) = 3*v + 27. Let b be d(-7). Suppose 0 = -2*f - 2*i, f - 4*i + 4 = b*f. Suppose -3*c = t - 13, -2*t + f*c + 65 = -1. What is the tens digit of t?
2
Let x(m) = m**3 + 35*m**2 + 38*m - 36. What is the tens digit of x(-26)?
6
Suppose 9*z + 1260 = 16*z. What is the tens digit of (-5690)/(-8) + 135/z?
1
Let v = -89 - -93. Suppose -v*p = -14*p + 3730. What is the tens digit of p?
7
Let a = 260 - 269. What is the hundreds digit of (-25 + -35)*6/a*16?
6
Let a(m) = -38*m + 193. Let p be a(5). Suppose -2942 = -p*d - 4*i - i, 4*i = -d + 990. What is the hundreds digit of d?
9
Suppose -5*o + 272 + 254 = -2*x, -514 = -5*o - 2*x. Let f = 42 - o. Let k = f + 88. What is the tens digit of k?
2
Let x = -88 - -92. Let v(s) = 8*s**3 - 10*s**2 + 7*s + 17. Let h(m) = -3*m**3 + 3*m**2 - 2*m - 6. Let p(f) = x*v(f) + 11*h(f). What is the units digit of p(-8)?
8
Let h(u) = -u**2 - 5*u - 14. Let t be h(-6). Let v be (1 - 0)/((3 + 2)/t). Let l(r) = 6*r**2 + 2*r - 4. What is the units digit of l(v)?
4
Let z(h) = 22*h - 9 + 10 - h**2 + 0 + 2. Suppose 72 = 3*w + 3*w. What is the tens digit of z(w)?
2
Suppose f - 4*s + 5 = 0, 37 = -3*f - 5*s - 29. Let v = f + 163. What is the hundreds digit of v?
1
What is the thousands digit of (-116430)/80*8/30*-10?
3
Let j be (-5 - -8) + (6 - 3) + 1863. Suppose -j = -3*f - 633. What is the hundreds digit of f?
4
Suppose -f + 11253 = 2*p - 21631, -4*f = -5*p + 82223. What is the units digit of p?
3
Let y be -3*(24/(-84))/(6/434). Suppose -2 + y = -i. What is the units digit of ((-57)/9 - -1)/(4/i)?
0
Let h(j) be the first derivative of -14*j**2 + 37*j - 6. What is the units digit of h(-11)?
5
Let z(l) = -46*l + 3143. What is the units digit of z(-48)?
1
Let d = -51 + 51. Let b be 7*6/(d/1 + 7). Suppose b*r = 282 + 96. What is the tens digit of r?
6
Suppose -17*z + 13*z = -12. Let b = z - 1. Suppose -b*j = -113 - 163. What is the hundreds digit of j?
1
Suppose -20 = -5*u, -c + 16968 = 3*c - u. What is the tens digit of c?
4
Let v = 35270 + -16394. What is the tens digit of v?
7
Let n(x) = x**2 + 10*x + 27. Suppose 6*w - 3*w = 2*k + 54, -2*w + 25 = -5*k. Let y be (-244)/w - (-2)/10. What is the units digit of n(y)?
1
Suppose -3*j + 2*d = -14, -5*d + 9 = -2*j + 22. Suppose -64 = -4*y - 4*t, j*y + t - 82 = -15. Let k = 209 - y. What is the units digit of k?
2
Let q = 122 - -37. What is the units digit of q + (3/5)/(-3)*0?
9
Suppose -5*a + k + 1904 = 0, -2*k + 1158 = 925*a - 922*a. What is the hundreds digit of a?
3
Let a(n) = n**3 - 28*n**2 + 31*n + 75. What is the units digit of a(33)?
3
Let y = 19 + -16. Suppose 0 = 3*r + y*r - 1074. Suppose 0 = 4*w - 237 - r. What is the tens digit of w?
0
Let g(x) = x**3 + 34*x**2 + 4*x - 8. What is the tens digit of g(-30)?
7
Suppose -296*i + 299*i - 9171 = 0. What is the units digit of i?
7
Let a be 1/8 + ((-48965)/(-56))/5. Let b(d) = d + 10. Let v be b(-8). Suppose -5 = v*m - a. What is the tens digit of m?
8
Suppose 3*r = 7*r - 420. What is the hundreds digit of 102*2*(r/20 + -4)?
2
Suppose -5*n = -2*l - 55, 0 = l - 6 + 11. Suppose n*a = 4*a + 2*b + 2401, 2399 = 5*a - 3*b. What is the units digit of a?
1
Suppose -3*k + 4*k - w - 18597 = 0, 2*k - 37222 = -5*w. What is the thousands digit of k?
8
Suppose -g = 3*s + 1336, -6*g + 440 = -s - g. What is the units digit of ((-6)/(-15))/(-4 + (-1781)/s)?
8
Let z = 49309 - 27445. What is the thousands digit of z?
1
Let j(f) = 373*f - 10. Let c be j(-3). Let h = -514 - c. What is the units digit of h?
5
Suppose g + 312 = 14*g. Let x(a) = 8*a - 113. What is the tens digit of x(g)?
7
Suppose -5*x + 2*x - 